f 16482?
2, 3, 41, 67
What are the prime factors of 25403?
7, 19, 191
List the prime factors of 32463.
3, 3607
What are the prime factors of 13540?
2, 5, 677
List the prime factors of 13625.
5, 109
What are the prime factors of 45?
3, 5
What are the prime factors of 48848?
2, 43, 71
What are the prime factors of 14087?
14087
What are the prime factors of 2189?
11, 199
List the prime factors of 55203.
3, 18401
What are the prime factors of 1002?
2, 3, 167
What are the prime factors of 6678?
2, 3, 7, 53
List the prime factors of 31932.
2, 3, 887
What are the prime factors of 150089?
150089
What are the prime factors of 8955?
3, 5, 199
List the prime factors of 3294.
2, 3, 61
List the prime factors of 1295.
5, 7, 37
List the prime factors of 67976.
2, 29, 293
What are the prime factors of 2589?
3, 863
What are the prime factors of 23028?
2, 3, 19, 101
What are the prime factors of 884?
2, 13, 17
List the prime factors of 6782.
2, 3391
What are the prime factors of 44835?
3, 5, 7, 61
What are the prime factors of 6333?
3, 2111
What are the prime factors of 2892?
2, 3, 241
What are the prime factors of 1643?
31, 53
What are the prime factors of 22424?
2, 2803
List the prime factors of 294.
2, 3, 7
List the prime factors of 126.
2, 3, 7
List the prime factors of 30200.
2, 5, 151
List the prime factors of 7462.
2, 7, 13, 41
What are the prime factors of 82132?
2, 20533
What are the prime factors of 37963?
37963
What are the prime factors of 47741?
47741
What are the prime factors of 14512?
2, 907
List the prime factors of 26240.
2, 5, 41
List the prime factors of 23265.
3, 5, 11, 47
What are the prime factors of 97249?
79, 1231
List the prime factors of 1580.
2, 5, 79
What are the prime factors of 19371?
3, 11, 587
What are the prime factors of 17113?
109, 157
What are the prime factors of 66520?
2, 5, 1663
What are the prime factors of 10355?
5, 19, 109
List the prime factors of 29473.
29473
What are the prime factors of 2115?
3, 5, 47
What are the prime factors of 3723?
3, 17, 73
List the prime factors of 68113.
68113
List the prime factors of 604.
2, 151
What are the prime factors of 36660?
2, 3, 5, 13, 47
List the prime factors of 1967.
7, 281
What are the prime factors of 434?
2, 7, 31
What are the prime factors of 722?
2, 19
List the prime factors of 101177.
23, 53, 83
List the prime factors of 13141.
17, 773
List the prime factors of 58862.
2, 19, 1549
List the prime factors of 1374.
2, 3, 229
List the prime factors of 3267.
3, 11
What are the prime factors of 17687?
23, 769
List the prime factors of 12157.
12157
What are the prime factors of 1329?
3, 443
List the prime factors of 9959.
23, 433
List the prime factors of 14653.
14653
What are the prime factors of 16785?
3, 5, 373
List the prime factors of 4532.
2, 11, 103
List the prime factors of 7633.
17, 449
What are the prime factors of 7088?
2, 443
List the prime factors of 107.
107
What are the prime factors of 16778?
2, 8389
What are the prime factors of 8287?
8287
What are the prime factors of 5104?
2, 11, 29
What are the prime factors of 26065?
5, 13, 401
What are the prime factors of 2681?
7, 383
What are the prime factors of 17237?
11, 1567
List the prime factors of 805.
5, 7, 23
List the prime factors of 61629.
3, 20543
List the prime factors of 1197.
3, 7, 19
List the prime factors of 1327.
1327
What are the prime factors of 5373?
3, 199
List the prime factors of 3382.
2, 19, 89
List the prime factors of 7320.
2, 3, 5, 61
List the prime factors of 2614.
2, 1307
List the prime factors of 3313.
3313
List the prime factors of 2625.
3, 5, 7
What are the prime factors of 329?
7, 47
List the prime factors of 44101.
44101
List the prime factors of 5179.
5179
What are the prime factors of 76?
2, 19
List the prime factors of 7965.
3, 5, 59
List the prime factors of 244.
2, 61
List the prime factors of 2781.
3, 103
List the prime factors of 1831.
1831
List the prime factors of 5983.
31, 193
List the prime factors of 2453.
11, 223
List the prime factors of 1799.
7, 257
List the prime factors of 4183.
47, 89
List the prime factors of 4627.
7, 661
What are the prime factors of 13918?
2, 6959
What are the prime factors of 136?
2, 17
What are the prime factors of 17518?
2, 19, 461
What are the prime factors of 3436?
2, 859
What are the prime factors of 2714?
2, 23, 59
List the prime factors of 4623.
3, 23, 67
List the prime factors of 8489.
13, 653
List the prime factors of 22632.
2, 3, 23, 41
List the prime factors of 22424.
2, 2803
List the prime factors of 62889.
3, 20963
List the prime factors of 1609.
1609
What are the prime factors of 16668?
2, 3, 463
What are the prime factors of 24120?
2, 3, 5, 67
List the prime factors of 59300.
2, 5, 593
What are the prime factors of 1046?
2, 523
What are the prime factors of 876?
2, 3, 73
What are the prime factors of 36919?
36919
List the prime factors of 4820.
2, 5, 241
List the prime factors of 29640.
2, 3, 5, 13, 19
List the prime factors of 501.
3, 167
What are the prime factors of 4220?
2, 5, 211
What are the prime factors of 7384?
2, 13, 71
What are the prime factors of 5877?
3, 653
List the prime factors of 54.
2, 3
List the prime factors of 3276.
2, 3, 7, 13
What are the prime factors of 219?
3, 73
List the prime factors of 46048.
2, 1439
What are the prime factors of 18296?
2, 2287
List the prime factors of 9147.
3, 3049
List the prime factors of 93873.
3, 13, 29, 83
List the prime factors of 1241.
17, 73
What are the prime factors of 988?
2, 13, 19
List the prime factors of 3490.
2, 5, 349
List the prime factors of 1124.
2, 281
List the prime factors of 93713.
31, 3023
List the prime factors of 176066.
2, 11, 53, 151
List the prime factors of 4345.
5, 11, 79
List the prime factors of 7114.
2, 3557
List the prime factors of 338.
2, 13
What are the prime factors of 53394?
2, 3, 11, 809
What are the prime factors of 17343?
3, 41, 47
What are the prime factors of 5426?
2, 2713
What are the prime factors of 630?
2, 3, 5, 7
List the prime factors of 104542.
2, 167, 313
What are the prime factors of 1918?
2, 7, 137
List the prime factors of 13029.
3, 43, 101
List the prime factors of 499.
499
List the prime factors of 139453.
37, 3769
What are the prime factors of 7613?
23, 331
What are the prime factors of 3890?
2, 5, 389
List the prime factors of 5849.
5849
What are the prime factors of 51?
3, 17
What are the prime factors of 14153?
14153
List the prime factors of 694.
2, 347
What are the prime factors of 122291?
13, 23, 409
What are the prime factors of 39624?
2, 3, 13, 127
List the prime factors of 40102.
2, 20051
List the prime factors of 12081.
3, 4027
List the prime factors of 1200.
2, 3, 5
List the prime factors of 1180.
2, 5, 59
What are the prime factors of 5086?
2, 2543
What are the prime factors of 2654?
2, 1327
List the prime factors of 3118.
2, 1559
What are the prime factors of 5778?
2, 3, 107
What are the prime factors of 6848?
2, 107
What are the prime factors of 143?
11, 13
What are the prime factors of 2442?
2, 3, 11, 37
List the prime factors of 156004.
2, 43, 907
List the prime factors of 5846.
2, 37, 79
What are the prime factors of 7372?
2, 19, 97
What are the prime factors of 6223?
7, 127
What are the prime factors of 3432?
2, 3, 11, 13
List the prime factors of 1110.
2, 3, 5, 37
What are the prime factors of 28548?
2, 3, 13, 61
List the prime factors of 4806.
2, 3, 89
List the prime factors of 1191.
3, 397
List the prime factors of 239.
239
List the prime factors of 195.
3, 5, 13
What are the prime factors of 58091?
11, 5281
What are the prime factors of 8867?
8867
What are the prime factors of 2768?
2, 173
What are the prime factors of 22519?
7, 3217
What are the prime factors of 27861?
3, 37, 251
List the prime factors of 8851.
53, 167
List the prime factors of 45244.
2, 11311
List the prime factors of 125.
5
What are the prime factors of 43080?
2, 3, 5, 359
List the prime factors of 838.
2, 419
What are the prime factors of 38336?
2, 599
What are the prime factors of 832?
2, 13
What are the prime factors of 822?
2, 3, 137
What are the prime factors of 30006?
2, 3, 1667
What are the prime factors of 325?
5, 13
What are the prime factors of 788?
2, 197
What are the prime factors of 68132?
2, 17033
List the prime facto